d by 300.
13
What is the remainder when 8007 is divided by 3933?
141
What is the remainder when 91779 is divided by 30584?
27
What is the remainder when 6263 is divided by 232?
231
What is the remainder when 856331 is divided by 243?
242
What is the remainder when 8869 is divided by 2924?
97
What is the remainder when 417328 is divided by 11?
10
Calculate the remainder when 1481 is divided by 984.
497
Calculate the remainder when 9348 is divided by 135.
33
What is the remainder when 2512 is divided by 56?
48
Calculate the remainder when 3278 is divided by 1614.
50
Calculate the remainder when 4906 is divided by 2207.
492
Calculate the remainder when 713152 is divided by 41.
39
Calculate the remainder when 21018 is divided by 260.
218
Calculate the remainder when 5041 is divided by 408.
145
Calculate the remainder when 61146 is divided by 10.
6
What is the remainder when 140424 is divided by 11?
9
Calculate the remainder when 93996 is divided by 91.
84
Calculate the remainder when 439 is divided by 17.
14
Calculate the remainder when 192930 is divided by 46.
6
Calculate the remainder when 1953 is divided by 933.
87
What is the remainder when 27456 is divided by 18?
6
Calculate the remainder when 23836 is divided by 54.
22
Calculate the remainder when 3087498 is divided by 950.
948
Calculate the remainder when 7026 is divided by 459.
141
What is the remainder when 21893 is divided by 82?
81
Calculate the remainder when 1677 is divided by 228.
81
What is the remainder when 5108 is divided by 1275?
8
What is the remainder when 9581 is divided by 596?
45
Calculate the remainder when 74025 is divided by 1898.
3
What is the remainder when 134063 is divided by 152?
151
Calculate the remainder when 11562 is divided by 137.
54
What is the remainder when 16057 is divided by 488?
441
Calculate the remainder when 27256 is divided by 177.
175
What is the remainder when 4868 is divided by 147?
17
Calculate the remainder when 480982 is divided by 84.
82
Calculate the remainder when 875 is divided by 429.
17
Calculate the remainder when 534465 is divided by 3426.
9
Calculate the remainder when 11046 is divided by 3682.
0
What is the remainder when 36058 is divided by 12014?
16
What is the remainder when 349534 is divided by 22?
20
Calculate the remainder when 267779 is divided by 23.
13
What is the remainder when 15785 is divided by 347?
170
What is the remainder when 700038 is divided by 148?
146
What is the remainder when 83097 is divided by 2967?
21
What is the remainder when 3923 is divided by 388?
43
What is the remainder when 696 is divided by 92?
52
What is the remainder when 473 is divided by 126?
95
What is the remainder when 23102 is divided by 152?
150
What is the remainder when 31160 is divided by 44?
8
Calculate the remainder when 364558 is divided by 465.
463
Calculate the remainder when 207573 is divided by 8.
5
What is the remainder when 3966 is divided by 318?
150
Calculate the remainder when 29090 is divided by 215.
65
Calculate the remainder when 5110 is divided by 353.
168
What is the remainder when 444175 is divided by 8?
7
Calculate the remainder when 6822 is divided by 2186.
264
What is the remainder when 11077 is divided by 87?
28
What is the remainder when 6789 is divided by 130?
29
Calculate the remainder when 2653 is divided by 127.
113
Calculate the remainder when 14376 is divided by 1100.
76
What is the remainder when 113225 is divided by 129?
92
What is the remainder when 6592 is divided by 114?
94
Calculate the remainder when 19096 is divided by 37.
4
Calculate the remainder when 14004 is divided by 6844.
316
What is the remainder when 40505 is divided by 674?
65
Calculate the remainder when 78044 is divided by 107.
41
Calculate the remainder when 39711 is divided by 151.
149
Calculate the remainder when 6022 is divided by 405.
352
Calculate the remainder when 67401 is divided by 221.
217
Calculate the remainder when 82914 is divided by 337.
12
What is the remainder when 584 is divided by 553?
31
What is the remainder when 275421 is divided by 721?
720
What is the remainder when 2462 is divided by 129?
11
What is the remainder when 46941 is divided by 23469?
3
Calculate the remainder when 1307 is divided by 195.
137
Calculate the remainder when 5187 is divided by 643.
43
What is the remainder when 8564 is divided by 535?
4
What is the remainder when 6466 is divided by 25?
16
What is the remainder when 18042 is divided by 2241?
114
What is the remainder when 13078 is divided by 4349?
31
Calculate the remainder when 27960 is divided by 62.
60
Calculate the remainder when 5457 is divided by 593.
120
What is the remainder when 2830 is divided by 676?
126
What is the remainder when 383038 is divided by 224?
222
Calculate the remainder when 28170 is divided by 306.
18
What is the remainder when 93804 is divided by 1117?
1093
Calculate the remainder when 556420 is divided by 22.
18
Calculate the remainder when 4117 is divided by 20.
17
Calculate the remainder when 3831 is divided by 1501.
829
What is the remainder when 158770 is divided by 606?
604
Calculate the remainder when 49781 is divided by 254.
251
What is the remainder when 56107 is divided by 56070?
37
Calculate the remainder when 526908 is divided by 438.
432
What is the remainder when 218 is divided by 201?
17
Calculate the remainder when 117181 is divided by 19528.
13
What is the remainder when 12777 is divided by 429?
336
What is the remainder when 32284 is divided by 4607?
35
What is the remainder when 454506 is divided by 15150?
6
Calculate the remainder when 232535 is divided by 55.
50
What is the remainder when 491215 is divided by 122800?
15
Calculate the remainder when 7489 is divided by 3551.
387
What is the remainder when 180898 is divided by 25837?
39
What is the remainder when 3569 is divided by 1715?
139
What is the remainder when 161 is divided by 157?
4
What is the remainder when 2661 is divided by 1537?
1124
Calculate the remainder when 29488 is divided by 37.
36
What is the remainder when 29546 is divided by 435?
401
What is the remainder when 2069 is divided by 1214?
855
What is the remainder when 95259 is divided by 441?
3
Calculate the remainder when 7100 is divided by 235.
50
Calculate the remainder when 12754 is divided by 12754.
0
What is the remainder when 687248 is divided by 184?
8
Calculate the remainder when 234843 is divided by 78281.
0
Calculate the remainder when 64704 is divided by 1116.
1092
Calculate the remainder when 204051 is divided by 1166.
1
What is the remainder when 622728 is divided by 753?
750
What is the remainder when 311993 is divided by 31196?
33
What is the remainder when 3675 is divided by 908?
43
Calculate the remainder when 329184 is divided by 1524.
0
Calculate the remainder when 84538 is divided by 535.
8
Calculate the remainder when 490 is divided by 242.
6
What is the remainder when 26775 is divided by 704?
23
Calculate the remainder when 23307 is divided by 97.
27
Calculate the remainder when 1260534 is divided by 18.
12
Calculate the remainder when 63669 is divided by 21191.
96
Calculate the remainder when 48522 is divided by 170.
72
Calculate the remainder when 24078 is divided by 43.
41
What is the remainder when 20235 is divided by 1116?
147
What is the remainder when 32659 is divided by 16284?
91
Calculate the remainder when 23700 is divided by 578.
2
What is the remainder when 3942 is divided by 983?
10
What is the remainder when 197140 is divided by 37?
4
Calculate the remainder when 45493 is divided by 86.
85
Calculate the remainder when 42012 is divided by 158.
142
What is the remainder when 11365 is divided by 122?
19
What is the remainder when 10581 is divided by 241?
218
Calculate the remainder when 144763 is divided by 312.
307
What is the remainder when 25778 is divided by 342?
128
Calculate the remainder when 38184 is divided by 44.
36
Calculate the remainder when 7066 is divided by 70.
66
What is the remainder when 54101 is divided by 6?
5
What is the remainder when 199162 is divided by 239?
75
What is the remainder when 33353 is divided by 207?
26
Calculate the remainder when 192944 is divided by 69.
20
Calculate the remainder when 85050 is divided by 877.
858
What is the remainder when 45178 is di